{"id":37,"date":"2025-05-30T16:48:16","date_gmt":"2025-05-30T14:48:16","guid":{"rendered":"https:\/\/www.jazzalam.com\/?page_id=37"},"modified":"2025-06-08T18:50:05","modified_gmt":"2025-06-08T16:50:05","slug":"accueil-2","status":"publish","type":"page","link":"https:\/\/www.jazzalam.com\/","title":{"rendered":"Accueil"},"content":{"rendered":"\t\t<div data-elementor-type=\"wp-page\" data-elementor-id=\"37\" class=\"elementor elementor-37\">\n\t\t\t\t<div class=\"elementor-element elementor-element-997c32f e-flex e-con-boxed e-con e-parent\" data-id=\"997c32f\" data-element_type=\"container\" data-settings=\"{&quot;background_background&quot;:&quot;classic&quot;}\">\n\t\t\t\t\t<div class=\"e-con-inner\">\n\t\t\t\t<div class=\"elementor-element elementor-element-8dba31c elementor-widget elementor-widget-heading\" data-id=\"8dba31c\" data-element_type=\"widget\" data-widget_type=\"heading.default\">\n\t\t\t\t<div class=\"elementor-widget-container\">\n\t\t\t\t\t<h2 class=\"elementor-heading-title elementor-size-default\">Jazzalam en quelques mots...<\/h2>\t\t\t\t<\/div>\n\t\t\t\t<\/div>\n\t\t\t\t\t<\/div>\n\t\t\t\t<\/div>\n\t\t<div class=\"elementor-element elementor-element-7f3cb58 e-flex e-con-boxed e-con e-parent\" data-id=\"7f3cb58\" data-element_type=\"container\">\n\t\t\t\t\t<div class=\"e-con-inner\">\n\t\t\t\t<div class=\"elementor-element elementor-element-b0abac3 elementor-widget elementor-widget-image\" data-id=\"b0abac3\" data-element_type=\"widget\" data-widget_type=\"image.default\">\n\t\t\t\t<div class=\"elementor-widget-container\">\n\t\t\t\t\t\t\t\t\t\t\t\t\t\t\t<img fetchpriority=\"high\" decoding=\"async\" width=\"1024\" height=\"576\" src=\"https:\/\/www.jazzalam.com\/wp-content\/uploads\/2025\/05\/448815360_1010944241031483_8290396386200382202_n-1024x576.jpg\" class=\"attachment-large size-large wp-image-49\" alt=\"\" srcset=\"https:\/\/www.jazzalam.com\/wp-content\/uploads\/2025\/05\/448815360_1010944241031483_8290396386200382202_n-1024x576.jpg 1024w, https:\/\/www.jazzalam.com\/wp-content\/uploads\/2025\/05\/448815360_1010944241031483_8290396386200382202_n-300x169.jpg 300w, https:\/\/www.jazzalam.com\/wp-content\/uploads\/2025\/05\/448815360_1010944241031483_8290396386200382202_n-768x432.jpg 768w, https:\/\/www.jazzalam.com\/wp-content\/uploads\/2025\/05\/448815360_1010944241031483_8290396386200382202_n-1536x864.jpg 1536w, https:\/\/www.jazzalam.com\/wp-content\/uploads\/2025\/05\/448815360_1010944241031483_8290396386200382202_n.jpg 2016w\" sizes=\"(max-width: 1024px) 100vw, 1024px\" \/>\t\t\t\t\t\t\t\t\t\t\t\t\t\t\t<\/div>\n\t\t\t\t<\/div>\n\t\t\t\t\t<\/div>\n\t\t\t\t<\/div>\n\t\t<div class=\"elementor-element elementor-element-b9d7114 e-flex e-con-boxed e-con e-parent\" data-id=\"b9d7114\" data-element_type=\"container\">\n\t\t\t\t\t<div class=\"e-con-inner\">\n\t\t\t\t<div class=\"elementor-element elementor-element-cee466c elementor-widget-tablet__width-inherit elementor-widget elementor-widget-text-editor\" data-id=\"cee466c\" data-element_type=\"widget\" data-widget_type=\"text-editor.default\">\n\t\t\t\t<div class=\"elementor-widget-container\">\n\t\t\t\t\t\t\t\t\t<p>Depuis une quinzaine d\u2019ann\u00e9es, Jazzalam, ensemble de jazz vocal parisien d\u2019une vingtaine de chanteurs, jouit d\u2019une jolie r\u00e9putation de ch\u0153ur libre et joyeux. La direction musicale est assur\u00e9e par Antoine Delprat, qui propose un r\u00e9pertoire d\u2019arrangements singuliers : des standards de jazz, de la bossa, mais aussi des\u00a0 compositions originales, des percussions vocales et quelques surprises funky et pop.<\/p><p>Le contrebassiste Adrien Daoud accompagne Jazzalam lors des concerts, aux c\u00f4t\u00e9s d\u2019Antoine Delprat au piano. Le choeur propose aussi une partie a cappella.<\/p><p>Swing, groove et bonne humeur sont toujours au rendez-vous pendant les r\u00e9p\u00e9titions (un lundi sur deux et un dimanche par mois) comme en concert, bien entendu !<\/p><p>Jazzalam se produit volontiers \u00e0 Paris, en province ou \u00e0 l&rsquo;\u00e9tranger, enrichissant chaque ann\u00e9e son r\u00e9pertoire et sa mise en sc\u00e8ne.<\/p>\t\t\t\t\t\t\t\t<\/div>\n\t\t\t\t<\/div>\n\t\t\t\t\t<\/div>\n\t\t\t\t<\/div>\n\t\t\t\t<\/div>\n\t\t","protected":false},"excerpt":{"rendered":"<p>Jazzalam en quelques mots&#8230; Depuis une quinzaine d\u2019ann\u00e9es, Jazzalam, ensemble de jazz vocal parisien d\u2019une vingtaine de chanteurs, jouit d\u2019une [&hellip;]<\/p>\n","protected":false},"author":1,"featured_media":0,"parent":0,"menu_order":0,"comment_status":"closed","ping_status":"closed","template":"","meta":{"site-sidebar-layout":"no-sidebar","site-content-layout":"","ast-site-content-layout":"full-width-container","site-content-style":"default","site-sidebar-style":"default","ast-global-header-display":"","ast-banner-title-visibility":"","ast-main-header-display":"","ast-hfb-above-header-display":"","ast-hfb-below-header-display":"","ast-hfb-mobile-header-display":"","site-post-title":"disabled","ast-breadcrumbs-content":"","ast-featured-img":"disabled","footer-sml-layout":"","theme-transparent-header-meta":"","adv-header-id-meta":"","stick-header-meta":"","header-above-stick-meta":"","header-main-stick-meta":"","header-below-stick-meta":"","astra-migrate-meta-layouts":"default","ast-page-background-enabled":"default","ast-page-background-meta":{"desktop":{"background-color":"var(--ast-global-color-5)","background-image":"","background-repeat":"repeat","background-position":"center center","background-size":"auto","background-attachment":"scroll","background-type":"","background-media":"","overlay-type":"","overlay-color":"","overlay-opacity":"","overlay-gradient":""},"tablet":{"background-color":"","background-image":"","background-repeat":"repeat","background-position":"center center","background-size":"auto","background-attachment":"scroll","background-type":"","background-media":"","overlay-type":"","overlay-color":"","overlay-opacity":"","overlay-gradient":""},"mobile":{"background-color":"","background-image":"","background-repeat":"repeat","background-position":"center center","background-size":"auto","background-attachment":"scroll","background-type":"","background-media":"","overlay-type":"","overlay-color":"","overlay-opacity":"","overlay-gradient":""}},"ast-content-background-meta":{"desktop":{"background-color":"var(--ast-global-color-4)","background-image":"","background-repeat":"repeat","background-position":"center center","background-size":"auto","background-attachment":"scroll","background-type":"","background-media":"","overlay-type":"","overlay-color":"","overlay-opacity":"","overlay-gradient":""},"tablet":{"background-color":"var(--ast-global-color-4)","background-image":"","background-repeat":"repeat","background-position":"center center","background-size":"auto","background-attachment":"scroll","background-type":"","background-media":"","overlay-type":"","overlay-color":"","overlay-opacity":"","overlay-gradient":""},"mobile":{"background-color":"var(--ast-global-color-4)","background-image":"","background-repeat":"repeat","background-position":"center center","background-size":"auto","background-attachment":"scroll","background-type":"","background-media":"","overlay-type":"","overlay-color":"","overlay-opacity":"","overlay-gradient":""}},"footnotes":""},"class_list":["post-37","page","type-page","status-publish","hentry"],"_links":{"self":[{"href":"https:\/\/www.jazzalam.com\/index.php?rest_route=\/wp\/v2\/pages\/37","targetHints":{"allow":["GET"]}}],"collection":[{"href":"https:\/\/www.jazzalam.com\/index.php?rest_route=\/wp\/v2\/pages"}],"about":[{"href":"https:\/\/www.jazzalam.com\/index.php?rest_route=\/wp\/v2\/types\/page"}],"author":[{"embeddable":true,"href":"https:\/\/www.jazzalam.com\/index.php?rest_route=\/wp\/v2\/users\/1"}],"replies":[{"embeddable":true,"href":"https:\/\/www.jazzalam.com\/index.php?rest_route=%2Fwp%2Fv2%2Fcomments&post=37"}],"version-history":[{"count":61,"href":"https:\/\/www.jazzalam.com\/index.php?rest_route=\/wp\/v2\/pages\/37\/revisions"}],"predecessor-version":[{"id":590,"href":"https:\/\/www.jazzalam.com\/index.php?rest_route=\/wp\/v2\/pages\/37\/revisions\/590"}],"wp:attachment":[{"href":"https:\/\/www.jazzalam.com\/index.php?rest_route=%2Fwp%2Fv2%2Fmedia&parent=37"}],"curies":[{"name":"wp","href":"https:\/\/api.w.org\/{rel}","templated":true}]}}