{"id":69,"date":"2025-05-31T11:51:07","date_gmt":"2025-05-31T09:51:07","guid":{"rendered":"https:\/\/www.jazzalam.com\/?page_id=69"},"modified":"2026-02-09T09:01:39","modified_gmt":"2026-02-09T08:01:39","slug":"concerts","status":"publish","type":"page","link":"https:\/\/www.jazzalam.com\/?page_id=69","title":{"rendered":"Concerts"},"content":{"rendered":"\t\t<div data-elementor-type=\"wp-page\" data-elementor-id=\"69\" class=\"elementor elementor-69\">\n\t\t\t\t<div class=\"elementor-element elementor-element-a7e9bfc e-flex e-con-boxed e-con e-parent\" data-id=\"a7e9bfc\" data-element_type=\"container\" data-settings=\"{&quot;background_background&quot;:&quot;classic&quot;}\">\n\t\t\t\t\t<div class=\"e-con-inner\">\n\t\t\t\t<div class=\"elementor-element elementor-element-5346322 elementor-widget elementor-widget-heading\" data-id=\"5346322\" data-element_type=\"widget\" data-widget_type=\"heading.default\">\n\t\t\t\t<div class=\"elementor-widget-container\">\n\t\t\t\t\t<h2 class=\"elementor-heading-title elementor-size-default\">Concerts<\/h2>\t\t\t\t<\/div>\n\t\t\t\t<\/div>\n\t\t\t\t\t<\/div>\n\t\t\t\t<\/div>\n\t\t<div class=\"elementor-element elementor-element-a3ffb6c e-con-full e-flex e-con e-parent\" data-id=\"a3ffb6c\" data-element_type=\"container\" data-settings=\"{&quot;background_background&quot;:&quot;gradient&quot;}\">\n\t\t\t\t<div class=\"elementor-element elementor-element-d313b8d elementor-widget elementor-widget-heading\" data-id=\"d313b8d\" data-element_type=\"widget\" data-widget_type=\"heading.default\">\n\t\t\t\t<div class=\"elementor-widget-container\">\n\t\t\t\t\t<h2 class=\"elementor-heading-title elementor-size-default\">A venir<\/h2>\t\t\t\t<\/div>\n\t\t\t\t<\/div>\n\t\t\t\t<\/div>\n\t\t<div class=\"elementor-element elementor-element-aefe812 e-flex e-con-boxed e-con e-parent\" data-id=\"aefe812\" data-element_type=\"container\">\n\t\t\t\t\t<div class=\"e-con-inner\">\n\t\t\t\t<div class=\"elementor-element elementor-element-3af16bd elementor-widget elementor-widget-text-editor\" data-id=\"3af16bd\" data-element_type=\"widget\" data-widget_type=\"text-editor.default\">\n\t\t\t\t<div class=\"elementor-widget-container\">\n\t\t\t\t\t\t\t\t\t<h5><strong>Lundi 8 juin 2026 &#8211; <\/strong>Palais de la Femme &#8211; 94 rue de Charonne, Paris 11\u00e8<\/h5><p>Sur inscription. Ecrivez nous sur jazzalamparis@gmail.com pour vous inscrire.<\/p>\t\t\t\t\t\t\t\t<\/div>\n\t\t\t\t<\/div>\n\t\t\t\t\t<\/div>\n\t\t\t\t<\/div>\n\t\t<div class=\"elementor-element elementor-element-b604284 e-con-full e-flex e-con e-parent\" data-id=\"b604284\" data-element_type=\"container\">\n\t\t\t\t<div class=\"elementor-element elementor-element-b9f4ec1 elementor-widget elementor-widget-heading\" data-id=\"b9f4ec1\" data-element_type=\"widget\" data-widget_type=\"heading.default\">\n\t\t\t\t<div class=\"elementor-widget-container\">\n\t\t\t\t\t<h2 class=\"elementor-heading-title elementor-size-default\">Pass\u00e9s<\/h2>\t\t\t\t<\/div>\n\t\t\t\t<\/div>\n\t\t\t\t<\/div>\n\t\t<div class=\"elementor-element elementor-element-8628a18 e-flex e-con-boxed e-con e-parent\" data-id=\"8628a18\" data-element_type=\"container\">\n\t\t\t\t\t<div class=\"e-con-inner\">\n\t\t\t\t<div class=\"elementor-element elementor-element-7d3f2c1 elementor-widget elementor-widget-text-editor\" data-id=\"7d3f2c1\" data-element_type=\"widget\" data-widget_type=\"text-editor.default\">\n\t\t\t\t<div class=\"elementor-widget-container\">\n\t\t\t\t\t\t\t\t\t<h3>2026<\/h3><ul><li><strong>sam. 17 janv. 2026\u00a0 \u00e0 20h &#8211;\u00a0 La Maison Fraternelle &#8211; Temple Port Royal <em>18 boulevard Arago, Paris 13\u00e8<\/em><\/strong><\/li><\/ul><h3>2025<\/h3><ul><li><p><strong>sam. 6 d\u00e9c. 2025 &#8211; R\u00e9sidence s\u00e9nior \u00ab\u00a0Les Pin<em>s\u00a0\u00bb &#8211; <\/em><em>24 Rue Gutenberg, 92 Boulogne-Billancourt,<\/em><br \/>dim. 5 oct. 2025 &#8211; Kiosque Dominique Bernard &#8211; <em>1 bld Jules Ferry &#8211; Paris 11\u00e8.<\/em><\/strong><\/p><p><strong>sam. 28 juin 2025 &#8211; <\/strong><strong>Temple Montparnasse Plaisance &#8211; <em>95 rue de l&rsquo;Ouest &#8211; Paris 14\u00e8<\/em><br \/><\/strong><strong>sam. 21 juin 2025 &#8211; R\u00e9sidence s\u00e9nior \u00ab\u00a0Les Pin<em>s\u00a0\u00bb &#8211; <\/em><em>24 Rue Gutenberg, 92 Boulogne-Billancourt,<\/em><br \/>lun. 2 juin 2025 &#8211; Palais de la femme<em>\u00a0 &#8211; 94 Rue de Charonne, Paris 11\u00e8, <\/em><br \/>sam. 10 mai &#8211; <\/strong><strong><strong>Concert de fin de stage &#8211; <em>Ch\u00e2teau de Ratilly<\/em><\/strong><\/strong><\/p><\/li><\/ul><h3>2024<\/h3><ul><li><strong>dim. 15 d\u00e9c. &#8211; <\/strong><strong>R\u00e9sidence Senior \u00ab\u00a0Les Pins\u00a0\u00bb &#8211; Boulogne Billancourt<br \/><\/strong><strong>sam. 14 d\u00e9c. &#8211; <\/strong><strong>Centre Paris Anim&rsquo; Roger Goscinny &#8211; Paris 13\u00e8<br \/><\/strong><strong>dim. 30 juin &#8211; <\/strong><strong>Kiosque du Jardin du Luxembourg &#8211; Paris 6\u00e8<br \/><\/strong><strong>sam. 22 juin &#8211; <\/strong><strong>Centre d\u2019animation de la Place des F\u00eates &#8211; Paris 20\u00e8<br \/><\/strong><strong>sam. 13 janv. &#8211; <\/strong><strong>Temple de l&rsquo;Annonciation &#8211; Paris 20\u00e8<\/strong><\/li><\/ul><h3>2023<\/h3><ul><li><strong>sam. 1 juil. &#8211; <\/strong><strong>Kiosque square Villemin &#8211; Paris 10\u00e8<br \/><\/strong><strong>ven. 16 juin &#8211; <\/strong><strong>Centre d\u2019animation de la Place des F\u00eates &#8211; Paris 20\u00e8<br \/><\/strong><strong>sam. 20 mai &#8211; <\/strong><strong>Concert de fin de stage au Ch\u00e2teau de Ratilly<br \/><\/strong><strong>sam. 15 avr. &#8211; <\/strong><strong>R\u00e9sidence s\u00e9nior \u00ab Les Essentielles \u00bb &#8211; 95 Conflans St Honorine<\/strong><\/li><\/ul><h3>2022<\/h3><ul><li><strong>ven. 16 d\u00e9c. &#8211; <\/strong><strong>Concert au profit de l\u2019association Loisirs Pluriel au temple de l\u2019Annonciation, Paris 16\u00e8<br \/><\/strong><strong>dim. 19 juin &#8211; <\/strong><strong>Kiosque \u00e0 musique du jardin Vuillemin &#8211; Paris 10\u00e8<br \/><\/strong><strong>sam. 18 juin &#8211; <\/strong><strong>Jazzalam invite Exeko \u2013 Auditorium du centre Place des F\u00eates &#8211; Paris 20\u00e8<br \/><\/strong><strong>sam. 28 mai &#8211; <\/strong><strong>Concert de fin de stage au Ch\u00e2teau de Ratilly<br \/><\/strong><strong>dim. 24 avr. &#8211; <\/strong><strong>Concert avec Jazz\u2019in Bry, \u00c9glise de Nogent-sur-Marne<\/strong><\/li><\/ul><h3>2021<\/h3><ul><li><strong>sam. 13 nov. &#8211; <\/strong><strong>Centre Place des F\u00eates &#8211; Paris 20\u00e8<br \/><\/strong><strong>dim. 20 juin &#8211; <\/strong><strong>Buvette chez Noue &#8211; Montreuil (93)<\/strong><\/li><\/ul><h3>2020<\/h3><ul><li><strong>dim. 1 mars &#8211; <\/strong><strong>Festival L\u2019Ha\u00ff-en ch\u0153urs &#8211; 2e \u00e9dition<\/strong><\/li><\/ul><h3>2019<\/h3><ul><li><strong>mer. 25 d\u00e9c. &#8211; <\/strong><strong>Concert de No\u00ebl au profit de l&rsquo;association \u00ab\u00a0La Moquette\u00a0\u00bb<br \/><\/strong><strong>dim. 16 juin &#8211; <\/strong><strong>Kiosque du jardin du Luxembourg &#8211; Paris 6\u00e8<br \/><\/strong><strong>mer. 12 juin 2019 &#8211; <\/strong><strong>Jazzalam invite Jazz\u2019Ology \u2013 Espace Ararat &#8211; Paris 13\u00e8<br \/><\/strong><strong>sam. 20 avr. &#8211; <\/strong><strong>Jazzalam invite Sing Out Brussel \u2013 Centre Place des F\u00eates &#8211; Paris 20\u00e8 &#8211;<\/strong><\/li><\/ul><h3>2018<\/h3><ul><li><strong>jeu. 21 juin &#8211; <\/strong><strong>F\u00eate de la musique dans le jardin de Science Po &#8211; Paris<br \/><\/strong><strong>mer. 13 juin &#8211; <\/strong><strong>Auditorium de l\u2019H\u00f4pital Bretonneau, Paris 17e.<br \/><\/strong><strong>dim. 10 juin &#8211; <\/strong><strong>Auditorium de l\u2019H\u00f4pital Bretonneau, Paris 17e.<\/strong><\/li><\/ul><h3>2017<\/h3><ul><li><strong>dim. 10 d\u00e9c. &#8211; <\/strong><strong>A l\u2019auditorium de l\u2019H\u00f4pital Bretonneau, Paris 17e. &#8211;\u00a0<br \/><\/strong><strong>sam. 2 d\u00e9c. &#8211; <\/strong><strong>Le choeur Tapalanote (Bruxelles) invite Jazzalam pour deux concerts caritatifs au profit de Sidaction. &#8211; St Gilles, Bruxelles.<br \/><\/strong><strong>ven. 12 mai &#8211; <\/strong><strong>au profit de l&rsquo;association \u00ab\u00a0La Moquette\u00a0\u00bb<\/strong><\/li><\/ul><h3>2016<\/h3><ul><li><strong>sam. 3 d\u00e9c. &#8211; <\/strong><strong>P\u00e9niche Anako &#8211; Paris 19\u00e8<br \/><\/strong><strong>sam. 2 avr. &#8211; <\/strong><strong>Jazzalam invite le choeur Jazzin\u2019Bry (Direction : Viviane Ginap\u00e9). Jazz Vocal\/Gospel\/Chanson Fran\u00e7aise &#8211; Temple Cortambert &#8211; Paris 16\u00e8<\/strong><\/li><\/ul><h3>2015<\/h3><ul><li><strong>sam. 4 juil. &#8211; <\/strong><strong>Le Cosy Montparnasse &#8211; Paris 14\u00e8<br \/><\/strong><strong>dim. 7 juin &#8211; <\/strong><strong>Mus\u00e9e de la Musique &#8211; Paris 19\u00e8<br \/><\/strong><strong>dim. 8 f\u00e9vr. &#8211; <\/strong><strong>Concert pr\u00e8s de Chartres (Nogent le Phaye)<\/strong><\/li><\/ul><h3>2014<\/h3><ul><li><strong>sam. 24 mai &#8211; <\/strong><strong>Festival \u00ab Jazz \u00e0 Saint-Germain des Pr\u00e9s \u00bb &#8211; Paris 6\u00e8<\/strong><\/li><\/ul><h3>2013<\/h3><ul><li><strong>sam. 1 juil. &#8211; <\/strong><strong>Kiosque square Villemin &#8211; Paris 10\u00e8<br \/><\/strong><strong>mar. 5 nov. &#8211; <\/strong><strong>Fin de stage au Ch\u00e2teau de Ratilly<br \/><\/strong><strong>jeu. 1 ao\u00fbt &#8211;\u00a0 <\/strong><strong>Concert Priv\u00e9 &#8211; Paris 2\u00e8<br \/><\/strong><strong>ven. 28 juin &#8211; <\/strong><strong>Espace Spring Court &#8211; Paris 11\u00e8<\/strong><\/li><\/ul><h3>2012<\/h3><ul><li><strong>jeu. 20 d\u00e9c. &#8211; <\/strong><strong>Temple Saint Paul &#8211; Paris 9\u00e8<br \/><\/strong><strong>dim. 26 ao\u00fbt &#8211; <\/strong><strong>Jazzalam et le ch\u0153ur Sympholies &#8211; Paris 16\u00e8<br \/><\/strong><strong>dim. 10 juin &#8211; <\/strong><strong>Festival \u00ab Vincennes Off 2012 \u00bb<\/strong><\/li><\/ul><h3>2011<\/h3><ul><li><strong>sam. 17 d\u00e9c. &#8211; <\/strong><strong>Espace Spring Court &#8211; Paris 11\u00e8<br \/><\/strong><strong>dim. 11 d\u00e9c. &#8211; <\/strong><strong>Rendez-Vous du Chant Choral avec le ch\u0153ur Antony Jazz<br \/><\/strong><strong>sam. 28 mai &#8211; <\/strong><strong>Festival \u00ab Jazz \u00e0 Saint Germain des Pr\u00e9s \u00bb &#8211; Paris 6\u00e8<br \/><\/strong><strong>ven. 4 mars &#8211; <\/strong><strong>Chapelle Notre Dame des Anges, \u00ab Women in Song \u00bb &#8211; Paris 15\u00e8<br \/><\/strong><strong>sam. 5 f\u00e9vr. &#8211; <\/strong><strong>Espace Spring Court &#8211; Paris 11\u00e8<\/strong><\/li><\/ul>\t\t\t\t\t\t\t\t<\/div>\n\t\t\t\t<\/div>\n\t\t\t\t\t<\/div>\n\t\t\t\t<\/div>\n\t\t\t\t<\/div>\n\t\t","protected":false},"excerpt":{"rendered":"<p>Concerts A venir Lundi 8 juin 2026 &#8211; Palais de la Femme &#8211; 94 rue de Charonne, Paris 11\u00e8 Sur [&hellip;]<\/p>\n","protected":false},"author":1,"featured_media":0,"parent":0,"menu_order":0,"comment_status":"closed","ping_status":"closed","template":"","meta":{"site-sidebar-layout":"no-sidebar","site-content-layout":"","ast-site-content-layout":"full-width-container","site-content-style":"default","site-sidebar-style":"default","ast-global-header-display":"","ast-banner-title-visibility":"","ast-main-header-display":"","ast-hfb-above-header-display":"","ast-hfb-below-header-display":"","ast-hfb-mobile-header-display":"","site-post-title":"disabled","ast-breadcrumbs-content":"","ast-featured-img":"disabled","footer-sml-layout":"","theme-transparent-header-meta":"","adv-header-id-meta":"","stick-header-meta":"","header-above-stick-meta":"","header-main-stick-meta":"","header-below-stick-meta":"","astra-migrate-meta-layouts":"default","ast-page-background-enabled":"default","ast-page-background-meta":{"desktop":{"background-color":"var(--ast-global-color-5)","background-image":"","background-repeat":"repeat","background-position":"center center","background-size":"auto","background-attachment":"scroll","background-type":"","background-media":"","overlay-type":"","overlay-color":"","overlay-opacity":"","overlay-gradient":""},"tablet":{"background-color":"","background-image":"","background-repeat":"repeat","background-position":"center center","background-size":"auto","background-attachment":"scroll","background-type":"","background-media":"","overlay-type":"","overlay-color":"","overlay-opacity":"","overlay-gradient":""},"mobile":{"background-color":"","background-image":"","background-repeat":"repeat","background-position":"center center","background-size":"auto","background-attachment":"scroll","background-type":"","background-media":"","overlay-type":"","overlay-color":"","overlay-opacity":"","overlay-gradient":""}},"ast-content-background-meta":{"desktop":{"background-color":"var(--ast-global-color-4)","background-image":"","background-repeat":"repeat","background-position":"center center","background-size":"auto","background-attachment":"scroll","background-type":"","background-media":"","overlay-type":"","overlay-color":"","overlay-opacity":"","overlay-gradient":""},"tablet":{"background-color":"var(--ast-global-color-4)","background-image":"","background-repeat":"repeat","background-position":"center center","background-size":"auto","background-attachment":"scroll","background-type":"","background-media":"","overlay-type":"","overlay-color":"","overlay-opacity":"","overlay-gradient":""},"mobile":{"background-color":"var(--ast-global-color-4)","background-image":"","background-repeat":"repeat","background-position":"center center","background-size":"auto","background-attachment":"scroll","background-type":"","background-media":"","overlay-type":"","overlay-color":"","overlay-opacity":"","overlay-gradient":""}},"footnotes":""},"class_list":["post-69","page","type-page","status-publish","hentry"],"_links":{"self":[{"href":"https:\/\/www.jazzalam.com\/index.php?rest_route=\/wp\/v2\/pages\/69","targetHints":{"allow":["GET"]}}],"collection":[{"href":"https:\/\/www.jazzalam.com\/index.php?rest_route=\/wp\/v2\/pages"}],"about":[{"href":"https:\/\/www.jazzalam.com\/index.php?rest_route=\/wp\/v2\/types\/page"}],"author":[{"embeddable":true,"href":"https:\/\/www.jazzalam.com\/index.php?rest_route=\/wp\/v2\/users\/1"}],"replies":[{"embeddable":true,"href":"https:\/\/www.jazzalam.com\/index.php?rest_route=%2Fwp%2Fv2%2Fcomments&post=69"}],"version-history":[{"count":136,"href":"https:\/\/www.jazzalam.com\/index.php?rest_route=\/wp\/v2\/pages\/69\/revisions"}],"predecessor-version":[{"id":707,"href":"https:\/\/www.jazzalam.com\/index.php?rest_route=\/wp\/v2\/pages\/69\/revisions\/707"}],"wp:attachment":[{"href":"https:\/\/www.jazzalam.com\/index.php?rest_route=%2Fwp%2Fv2%2Fmedia&parent=69"}],"curies":[{"name":"wp","href":"https:\/\/api.w.org\/{rel}","templated":true}]}}