{"id":73,"date":"2025-05-31T11:52:38","date_gmt":"2025-05-31T09:52:38","guid":{"rendered":"https:\/\/www.jazzalam.com\/?page_id=73"},"modified":"2026-03-09T09:15:11","modified_gmt":"2026-03-09T08:15:11","slug":"repertoire","status":"publish","type":"page","link":"https:\/\/www.jazzalam.com\/?page_id=73","title":{"rendered":"R\u00e9pertoire"},"content":{"rendered":"\t\t<div data-elementor-type=\"wp-page\" data-elementor-id=\"73\" class=\"elementor elementor-73\">\n\t\t\t\t<div class=\"elementor-element elementor-element-eb8a08a e-flex e-con-boxed e-con e-parent\" data-id=\"eb8a08a\" data-element_type=\"container\" data-settings=\"{&quot;background_background&quot;:&quot;classic&quot;}\">\n\t\t\t\t\t<div class=\"e-con-inner\">\n\t\t\t\t<div class=\"elementor-element elementor-element-c2d26ec elementor-widget elementor-widget-heading\" data-id=\"c2d26ec\" data-element_type=\"widget\" data-widget_type=\"heading.default\">\n\t\t\t\t<div class=\"elementor-widget-container\">\n\t\t\t\t\t<h2 class=\"elementor-heading-title elementor-size-default\">R\u00e9pertoire<\/h2>\t\t\t\t<\/div>\n\t\t\t\t<\/div>\n\t\t\t\t\t<\/div>\n\t\t\t\t<\/div>\n\t\t<div class=\"elementor-element elementor-element-3b41830 e-flex e-con-boxed e-con e-parent\" data-id=\"3b41830\" data-element_type=\"container\">\n\t\t\t\t\t<div class=\"e-con-inner\">\n\t\t\t\t<div class=\"elementor-element elementor-element-73dc37f elementor-widget elementor-widget-text-editor\" data-id=\"73dc37f\" data-element_type=\"widget\" data-widget_type=\"text-editor.default\">\n\t\t\t\t<div class=\"elementor-widget-container\">\n\t\t\t\t\t\t\t\t\t<p><strong>Tous les arrangements pour 4 ou 5 voix ont \u00e9t\u00e9 r\u00e9alis\u00e9s par Antoine Delprat.<\/strong><\/p>\t\t\t\t\t\t\t\t<\/div>\n\t\t\t\t<\/div>\n\t\t\t\t<div class=\"elementor-element elementor-element-f58c6cf elementor-widget elementor-widget-text-editor\" data-id=\"f58c6cf\" data-element_type=\"widget\" data-widget_type=\"text-editor.default\">\n\t\t\t\t<div class=\"elementor-widget-container\">\n\t\t\t\t\t\t\t\t\t<h5>Jazz et Samba<\/h5><ul><li><strong>Anthropology<\/strong> \u2014 Charlie Parker\u00a0<br \/><strong>Blame it on my youth<\/strong> \u2014 Gerschwin brothers\u00a0<br \/><strong>Comin\u2019 home\/Right now<\/strong> \u2014 Dorough \/ Tucker \u2014 Mann \/ Sigman\u00a0<br \/><strong>Confirmation<\/strong> \u2014 Charlie Parker\u00a0<br \/><strong>Detroit<\/strong> &#8211; Marcus Miller\u00a0<br \/><strong>En fl\u00e2nant dans Paris<\/strong> \u2014 Quincy Jones \/ Mimi Perrin\u00a0<br \/><strong>Gazouillons dans les bois\u00a0<\/strong>\u2014 Edgar Simpson\/Henri Salvador &#8211; Paroles Brigitte Brandeau\u00a0<br \/><strong>Fever<\/strong> \u2014 Davenport \/ Cooley\u00a0<br \/><strong>Freddie Freeloader<\/strong> \u2014 Miles Davis\u00a0<br \/><strong>Have you met Miss Jones<\/strong> \u2014 Rodgers \/ Hart\u00a0<br \/><strong>I got rythm\u2014<\/strong> Gerschwin brothers\u00a0<br \/><strong>I\u2019m old fashioned<\/strong> \u2014 Jerome Kern\/ Johnny Mercer\u00a0<br \/><strong>Misty<\/strong>\u00a0\u2014 Errol Garner\u00a0<br \/><strong>Moaning<\/strong> \u2014 Timmons\/Hendricks\u00a0<br \/><strong>Moon River &#8211; <\/strong>H.Mancini\/J. Mercer<strong><br \/>On a clear day \u2014<\/strong> Lane\/Lerner\u00a0<br \/><strong>Over the rainbow<\/strong> \u2014 Harburg\u00a0<br \/><strong>Pass me the Jazz-(The Real Group)<\/strong> \u2014 A. Edenroth\u00a0<br \/><strong>Polka Dots and Moonbeam<\/strong>s \u2014 Van Heusen \/ Burke\u00a0<br \/><strong>Roof garden<\/strong> \u2014 Al Jarreau<br \/><strong>Samba de uma nota so\u00a0<\/strong>\u2014 Antonio Carlos Jobim<br \/><strong>Spain<\/strong>\u00a0\u2014 Chick Corea\u00a0<br \/><strong>Stomping at the Savoy<\/strong> \u2014 Edgar Melvin Sampson<br \/><strong>Straighten up and fly right<\/strong> \u2014 Nat King Cole \/ I. Mills\u00a0<br \/><strong>The Preacher<\/strong> \u2014 Horace Silver\u00a0<br \/><strong>The summer knows<\/strong> &#8211; Michel Legrand<br \/><strong>Triste<\/strong> \u2014 Antonio Carlos Jobim\u00a0<br \/><strong>Wave<\/strong> \u2014 Antonio Carlos Jobim\u00a0<br \/><strong>West Side Story medley \u2014<\/strong> Sondheim\/Bernstein\u00a0<br \/><strong>When I fall in love<\/strong> \u2014 Young \/ Heyman<\/li><\/ul><h4>Chanson fran\u00e7aise<\/h4><ul><li><strong>A bout de souffle<\/strong> &#8211; Dave Brubeck \/ Claude Nougaro<br \/><strong>Chez Laurette &#8211;<\/strong> Michel Delpech \/ Roland Vincent<br \/><strong>J\u2019aime Paris au mois de mai\u00a0<\/strong>\u2014 Aznavour \/ Roche\u00a0<br \/><strong>Je voulais te dire que je t\u2019attends<\/strong> \u2014 Michel Jonasz\u00a0<br \/><strong>La Javanaise<\/strong> \u2014 Serge Gainsbourg\u00a0<br \/><strong>Le 22 septembre<\/strong> \u2014 Georges Brassens\u00a0<br \/><strong>Le Jardin d\u2019hiver<\/strong> \u2014 Benjamin Biolay \/ K. Ann\u00a0<br \/><strong>Les Demoiselles de Rochefort medley<\/strong> \u2014 Michel legrand\u00a0<br \/><strong>Mains d\u2019or<\/strong> \u2014 Bernard Lavilliers\u00a0<br \/><strong>Noir et blanc<\/strong> \u2014 Bernard Lavilliers\u00a0<br \/><strong>Quand je monte chez toi \u2014<\/strong> Henri Salvador \/ Jean Broussolle<br \/><strong>Rimes\u00a0<\/strong>\u2014 Claude Nougaro \/Aldo Romano\u00a0<br \/><strong>Tu verras<\/strong> \u2014 Chico Buarque \/ Claude Nougaro\u00a0<\/li><\/ul><h4>Divers\u00a0<\/h4><ul><li><strong>Amandla Wezli<\/strong> \u2014 Nirina Rakotomavo\u00a0<br \/><strong>Beach Boys medley<\/strong> &#8211; Brian Wilson \/ Mike Love<br \/><strong>Beatles medley<\/strong> \u2014 Mc Cartney\/Lennon\u00a0<br \/><strong>Bidonville \u2014<\/strong> Baden Powell \/ Claude Nougaro\u00a0<br \/><strong>Black is the color<\/strong> \u2014 traditionnel\u00a0<br \/><strong>Stevie Wonder medley \u2014<\/strong> Stevie Wonder\u00a0<br \/><strong>Sunny<\/strong> \u2014 Bobby Hebb\u00a0<br \/><strong>The Water is wide<\/strong> \u2014 Traditionnel\u00a0<\/li><\/ul>\t\t\t\t\t\t\t\t<\/div>\n\t\t\t\t<\/div>\n\t\t\t\t\t<\/div>\n\t\t\t\t<\/div>\n\t\t\t\t<\/div>\n\t\t","protected":false},"excerpt":{"rendered":"<p>R\u00e9pertoire Tous les arrangements pour 4 ou 5 voix ont \u00e9t\u00e9 r\u00e9alis\u00e9s par Antoine Delprat. Jazz et Samba Anthropology \u2014 [&hellip;]<\/p>\n","protected":false},"author":1,"featured_media":0,"parent":0,"menu_order":0,"comment_status":"closed","ping_status":"closed","template":"","meta":{"site-sidebar-layout":"no-sidebar","site-content-layout":"","ast-site-content-layout":"full-width-container","site-content-style":"default","site-sidebar-style":"default","ast-global-header-display":"","ast-banner-title-visibility":"","ast-main-header-display":"","ast-hfb-above-header-display":"","ast-hfb-below-header-display":"","ast-hfb-mobile-header-display":"","site-post-title":"disabled","ast-breadcrumbs-content":"","ast-featured-img":"disabled","footer-sml-layout":"","theme-transparent-header-meta":"","adv-header-id-meta":"","stick-header-meta":"","header-above-stick-meta":"","header-main-stick-meta":"","header-below-stick-meta":"","astra-migrate-meta-layouts":"default","ast-page-background-enabled":"default","ast-page-background-meta":{"desktop":{"background-color":"var(--ast-global-color-5)","background-image":"","background-repeat":"repeat","background-position":"center center","background-size":"auto","background-attachment":"scroll","background-type":"","background-media":"","overlay-type":"","overlay-color":"","overlay-opacity":"","overlay-gradient":""},"tablet":{"background-color":"","background-image":"","background-repeat":"repeat","background-position":"center center","background-size":"auto","background-attachment":"scroll","background-type":"","background-media":"","overlay-type":"","overlay-color":"","overlay-opacity":"","overlay-gradient":""},"mobile":{"background-color":"","background-image":"","background-repeat":"repeat","background-position":"center center","background-size":"auto","background-attachment":"scroll","background-type":"","background-media":"","overlay-type":"","overlay-color":"","overlay-opacity":"","overlay-gradient":""}},"ast-content-background-meta":{"desktop":{"background-color":"var(--ast-global-color-4)","background-image":"","background-repeat":"repeat","background-position":"center center","background-size":"auto","background-attachment":"scroll","background-type":"","background-media":"","overlay-type":"","overlay-color":"","overlay-opacity":"","overlay-gradient":""},"tablet":{"background-color":"var(--ast-global-color-4)","background-image":"","background-repeat":"repeat","background-position":"center center","background-size":"auto","background-attachment":"scroll","background-type":"","background-media":"","overlay-type":"","overlay-color":"","overlay-opacity":"","overlay-gradient":""},"mobile":{"background-color":"var(--ast-global-color-4)","background-image":"","background-repeat":"repeat","background-position":"center center","background-size":"auto","background-attachment":"scroll","background-type":"","background-media":"","overlay-type":"","overlay-color":"","overlay-opacity":"","overlay-gradient":""}},"footnotes":""},"class_list":["post-73","page","type-page","status-publish","hentry"],"_links":{"self":[{"href":"https:\/\/www.jazzalam.com\/index.php?rest_route=\/wp\/v2\/pages\/73","targetHints":{"allow":["GET"]}}],"collection":[{"href":"https:\/\/www.jazzalam.com\/index.php?rest_route=\/wp\/v2\/pages"}],"about":[{"href":"https:\/\/www.jazzalam.com\/index.php?rest_route=\/wp\/v2\/types\/page"}],"author":[{"embeddable":true,"href":"https:\/\/www.jazzalam.com\/index.php?rest_route=\/wp\/v2\/users\/1"}],"replies":[{"embeddable":true,"href":"https:\/\/www.jazzalam.com\/index.php?rest_route=%2Fwp%2Fv2%2Fcomments&post=73"}],"version-history":[{"count":28,"href":"https:\/\/www.jazzalam.com\/index.php?rest_route=\/wp\/v2\/pages\/73\/revisions"}],"predecessor-version":[{"id":711,"href":"https:\/\/www.jazzalam.com\/index.php?rest_route=\/wp\/v2\/pages\/73\/revisions\/711"}],"wp:attachment":[{"href":"https:\/\/www.jazzalam.com\/index.php?rest_route=%2Fwp%2Fv2%2Fmedia&parent=73"}],"curies":[{"name":"wp","href":"https:\/\/api.w.org\/{rel}","templated":true}]}}